hen 772 is divided by g.
10
Let k = -260 - -261. Suppose 0*t - 57 = -5*a - t, 5*t = a - k. Let n(m) = 32*m. Calculate the remainder when n(1) is divided by a.
10
Let b be ((-4)/6)/((-4)/12). Let f(g) = -3*g - 66 + b*g + 73. Calculate the remainder when 21 is divided by f(1).
3
Suppose 30*b - 29300 = 30*b - 50*b. What is the remainder when b is divided by 184?
34
Let u be ((-1784)/(-6))/((-6)/(-9)). Let q = -276 + u. Suppose d + q = 5*o, 4*o + d - 27 - 109 = 0. What is the remainder when 169 is divided by o?
33
Let f(o) = -36*o + 1237. What is the remainder when 2152 is divided by f(34)?
7
Let l(x) = 39*x**2 + 33*x - 33. Calculate the remainder when 6315 is divided by l(1).
36
Suppose 0 = 12*l + 12*l + 720. Calculate the remainder when 104 is divided by (21/(-49) + l/28)*-12.
14
Suppose -a = -2*o - 4*a + 28, 63 = 5*o + 4*a. What is the remainder when 38 is divided by o?
5
Let y be -58*(-20)/(-8) - (-4 - 1). Let t = 344 + y. What is the remainder when t is divided by 41?
40
Let i = 6370 + -4555. What is the remainder when i is divided by 360?
15
Suppose x - 4 = -0*x. Suppose -u + 23 = -5*n, -3*u = u + 3*n. Suppose -2*d + u*y = -41, 5*d + 0*y + y = 60. Calculate the remainder when d is divided by x.
1
Let d(z) = 803*z + 864. What is the remainder when d(0) is divided by 6?
0
Let v = 86 + -83. Suppose -3 = v*l - 78. What is the remainder when l is divided by 10?
5
What is the remainder when 102248/60 - (544/255 - 2) is divided by 55?
54
Let u(q) = q**3 + 9*q**2 - 66*q + 10. Calculate the remainder when u(-9) is divided by 34.
26
Let v(f) = -2 - 45*f - 113 - 2 - 14. What is the remainder when 21 is divided by v(-3)?
1
Let w(y) = -86*y - 3385. What is the remainder when 82 is divided by w(-40)?
27
Suppose -2*a + 5*y - 22 = -4, -5*y - 38 = 2*a. Let p(b) = -b + 14. Calculate the remainder when 76 is divided by p(a).
20
Let b(d) = -d**3 - d**2 + 3*d + 6. Let r = 1159 - 1079. What is the remainder when r is divided by b(0)?
2
Let d(o) = o**3 - 21*o**2 + 22*o - 22. Let g be d(20). Let h(u) = 2*u - 15. Calculate the remainder when 62 is divided by h(g).
20
Let o = 138 + 35. Calculate the remainder when o is divided by 43 - (2 + 3 + -23).
51
Suppose x - 3*u - 22 = -24, 0 = 5*u - 5. What is the remainder when x/6 - 3116/(-24) is divided by 12?
10
Let d be ((-32)/(-14))/(4/14). Suppose 68 = -d*y + 156. Calculate the remainder when 40 is divided by y.
7
Suppose 134*x = 130*x - 5*r + 905, 3*x - 645 = 3*r. What is the remainder when x is divided by 41?
15
Let r(a) = a**2 + 3*a**3 - 2*a**3 - a + 33 - 34. Let o be r(1). Suppose 8*l - 6*l - 134 = o. What is the remainder when l is divided by 14?
11
Let m(i) = 2*i**3 - 4*i**2 - 60*i + 234. What is the remainder when 248 is divided by m(4)?
16
What is the remainder when 42/(-24)*-4 - -210 is divided by 59?
40
Let x(p) = p**3 + 3*p**2 + p - 9. Let b be x(4). Suppose -106*c = -b*c + 12. Suppose -35 = -9*d + 4*d. What is the remainder when c is divided by d?
5
Let n = 439 + -427. Suppose n*x - 105 = 975. Calculate the remainder when x is divided by 23.
21
Suppose 0 = 78*y - 8380 + 2140. What is the remainder when 702 is divided by y?
62
What is the remainder when 1857/6 - (221/(-34) + 7) is divided by 42?
15
Suppose 2*f - 467 = l, -217*f + 214*f - 3*l = -705. What is the remainder when 469 is divided by f?
1
Let z = 2464 + -2225. Suppose 0 = v - 3*v + 70. Calculate the remainder when z is divided by v.
29
Suppose -2*v + 48 = 4*x, 0 = 2*x - 7*x + 2*v + 42. Suppose 233 - 63 = x*g. Let t = 72 - 24. What is the remainder when t is divided by g?
14
Let v = 673 - 541. Let c = 155 - v. What is the remainder when 36 is divided by c?
13
Let y = 703 - 522. What is the remainder when y is divided by 56?
13
Let d = -15337 - -16462. Calculate the remainder when d is divided by 47.
44
Let c(k) = 58*k**2 - 531*k + 1575. Calculate the remainder when c(3) is divided by 85.
79
Let o = 7395 - 6804. Calculate the remainder when o is divided by 293.
5
Let o(d) = 30*d**2 - 21*d + 88 - 15*d**2 - 16*d**2. What is the remainder when 90 is divided by o(-24)?
10
Suppose -3*j + 151 = -4*t, -t - 44 = -j - 6*t. Suppose -5*u - 52 = -3*s, -2*s - 5*u + j = -19. What is the remainder when 567/6 + 80/(-32) is divided by s?
20
Let m = 121 - 13. Suppose -o + m = 38. Calculate the remainder when 147 is divided by ((-24)/(-28))/(2/o).
27
Suppose -759 - 91 = 10*j. Let z(l) = -17*l - 10. Let o be z(-6). Let d = j + o. Calculate the remainder when 40 is divided by d.
5
Suppose 3*g - 6*g = 5*v - 33, -39 = -5*g - 3*v. Suppose 0 = -g*b + b - 135. Let w = 2 - b. What is the remainder when w is divided by 11?
7
Suppose -25*y - 7*y = -8*y - 10680. Calculate the remainder when y is divided by 108.
13
Let s(k) = 5*k**3 + 40*k**2 + 20*k - 160. Let h(g) = g**3 + 10*g**2 + 5*g - 40. Let p(v) = 9*h(v) - 2*s(v). Calculate the remainder when 76 is divided by p(10).
6
Let a = 5407 - 5293. What is the remainder when 193 is divided by a?
79
Let l be (-42)/14*1*1/1. Let y(m) = -m**2 - 14*m - 21. What is the remainder when 16 is divided by y(l)?
4
Suppose 2*r = g - 184, 3*g - 200 = -r + 324. What is the remainder when 636 is divided by g?
108
Let r(g) = -199*g - 4733. Calculate the remainder when r(-28) is divided by 35.
34
Suppose -27736 + 7784 = -8*m. Calculate the remainder when m is divided by 78.
76
Let m(u) = -3*u + 87. Let q be -3*(-168)/(-45)*(-5)/2. Let b be m(q). Suppose -b*v + 6 + 9 = 0. Calculate the remainder when 22 is divided by v.
2
Suppose 0 = 5*i + 3*t - 59, -2*i = 4*t - 2*t - 26. Suppose 5*a - 4*g - 652 = 0, 178 - 865 = -5*a - g. What is the remainder when a is divided by i?
6
Let l = 4062 - 4039. What is the remainder when 2337 is divided by l?
14
Let q(u) = -u**3 - 3*u**2 + 79*u + 35. Calculate the remainder when q(-11) is divided by 34.
32
Suppose 6*b = 2*s + 10*b - 152, 0 = 5*s + 3*b - 366. Let h = s - 60. What is the remainder when 3/h + (-1074)/(-24) is divided by 3?
0
Let c(q) = -2*q + 5. Suppose -294 = r + 3*r - 2*o, -4*r - 288 = 4*o. Let i = r - -100. What is the remainder when i is divided by c(-5)?
12
What is the remainder when (-13 + -1388)/((-5 - 0) + 4) is divided by 465?
6
Let n = 79 + -66. Let c(v) = v**3 - 15*v**2 + 26*v - 5. Let x be c(n). Let w(j) = 7*j**2 + 5*j - 1. What is the remainder when w(x) is divided by 15?
14
Let b(z) = 25*z + 2*z**2 + 2986 - 2955 - z**2. Let h be b(-26). Let p = -47 + h. Calculate the remainder when 27 is divided by p.
7
Let g(b) = -11*b**2 + 501*b - 603. Let u = 94 + -45. What is the remainder when g(44) is divided by u?
47
Suppose 5 = 2*k - 3. Let x = -617 + 596. Calculate the remainder when 153/34 + -5 + x/(-2) is divided by k.
2
Let y(v) = 3*v + 135. Suppose 18*u - 9 = 657. What is the remainder when y(u) is divided by 31?
29
Suppose 730*r = 743*r - 195. Let c = -28 - -88. What is the remainder when c is divided by r?
0
Suppose 25*g + 144 = 28*g + 3*m, 4*g - 165 = 5*m. Calculate the remainder when g is divided by 18.
9
Suppose -5*f = -3*p + 514, 2*p - 902 = -3*p - 3*f. Calculate the remainder when p is divided by (-2508)/(-42) - (57/21 - 3).
58
Let x = -294 - -285. Let m = x + 84. Calculate the remainder when 85 is divided by m.
10
Let j = -50 - -52. Let x be (-60)/(-50) - j/10. What is the remainder when (172/(-12))/(0 + x/(-3)) is divided by 15?
13
Suppose 31*z + 30*z - 19520 = 0. What is the remainder when 962 is divided by z?
2
Let d = 19 + -15. Suppose b - 3 = -m, -d*m = -5*b - 3 - 0. Let g = m + 50. Calculate the remainder when g is divided by 14.
10
What is the remainder when 413 is divided by (2 - 2 - -5)/(3 + 605/(-210))?
35
Let c = 14 - 3. What is the remainder when 44 + (4 - (15 - (-5 + 25))) is divided by c?
9
Suppose 2*b - 4*v + 12 = 0, -4*b + 9*b = 5*v - 10. Let g(t) = 11 - b*t**3 - 5*t**2 + 3 + 4 - 22 - 4*t. Calculate the remainder when 62 is divided by g(-3).
11
Let a = -454 - -454. What is the remainder when (-47 + a + 0)/(1/(-4)) is divided by 10?
8
Let n = 577 - 554. Suppose 551 = n*p - 4*p. Calculate the remainder when 171 is divided by p.
26
Let c = -529 - -525. Let o = c - -8. Calculate the remainder when 19 is divided by o.
3
Let n(p) = 88*p + 32. Calculate the remainder when n(0) is divided by 4.
0
Suppose 16 = l - 6*v + 3*v, l - 4*v - 20 = 0. Let d be 0 - (l + (-32)/(-2)). Let n =